2582949.
3, 349, 2467
List the prime factors of 1402829.
1402829
What are the prime factors of 164430?
2, 3, 5, 7, 29
What are the prime factors of 228680?
2, 5, 5717
List the prime factors of 1215163.
457, 2659
List the prime factors of 7761263.
277, 28019
List the prime factors of 532695.
3, 5, 17, 2089
What are the prime factors of 1542?
2, 3, 257
What are the prime factors of 690874?
2, 23, 653
List the prime factors of 13066285.
5, 17, 347, 443
What are the prime factors of 557511?
3, 83, 2239
List the prime factors of 1551678.
2, 3, 258613
What are the prime factors of 8103136?
2, 131, 1933
What are the prime factors of 629051?
17, 37003
What are the prime factors of 684221?
684221
What are the prime factors of 708599?
708599
What are the prime factors of 1221866?
2, 610933
What are the prime factors of 1926734?
2, 963367
What are the prime factors of 5974?
2, 29, 103
List the prime factors of 1470846.
2, 3, 13, 109, 173
List the prime factors of 15016772.
2, 31, 347, 349
List the prime factors of 1681860.
2, 3, 5, 28031
List the prime factors of 15093866.
2, 19, 89, 4463
What are the prime factors of 25356357?
3, 13, 31, 6991
List the prime factors of 395527.
11, 41, 877
What are the prime factors of 9200?
2, 5, 23
List the prime factors of 608760.
2, 3, 5, 19, 89
List the prime factors of 69195.
3, 5, 7, 659
What are the prime factors of 276150?
2, 3, 5, 7, 263
List the prime factors of 1263930.
2, 3, 5, 42131
What are the prime factors of 516115?
5, 109, 947
What are the prime factors of 4447636?
2, 101, 109
What are the prime factors of 7222293?
3, 13, 61729
What are the prime factors of 5586654?
2, 3, 23, 40483
List the prime factors of 227729.
227729
List the prime factors of 729924.
2, 3, 13, 4679
What are the prime factors of 966170?
2, 5, 79, 1223
List the prime factors of 4011277.
73, 54949
List the prime factors of 11442707.
23, 497509
List the prime factors of 636595.
5, 19, 6701
What are the prime factors of 296157?
3, 17, 5807
What are the prime factors of 198746?
2, 43, 2311
What are the prime factors of 2455691?
7, 29, 12097
What are the prime factors of 2039585?
5, 407917
What are the prime factors of 266800?
2, 5, 23, 29
List the prime factors of 6022884.
2, 3, 7, 10243
List the prime factors of 1924187.
19, 101273
List the prime factors of 817488.
2, 3, 7, 811
What are the prime factors of 2201062?
2, 31, 131, 271
What are the prime factors of 15824137?
7, 73, 173, 179
List the prime factors of 4789719.
3, 11, 16127
List the prime factors of 3817784.
2, 19, 25117
What are the prime factors of 1928624?
2, 120539
What are the prime factors of 335223?
3, 7, 17, 313
List the prime factors of 606735.
3, 5, 97, 139
What are the prime factors of 823916?
2, 19, 37, 293
List the prime factors of 2705799.
3, 59, 15287
List the prime factors of 5790444.
2, 3, 11, 43867
List the prime factors of 32541198.
2, 3, 5423533
List the prime factors of 639658.
2, 319829
What are the prime factors of 209327?
209327
List the prime factors of 3619405.
5, 19, 31, 1229
What are the prime factors of 5120774?
2, 17, 150611
What are the prime factors of 209379?
3, 71, 983
List the prime factors of 57178.
2, 11, 23, 113
List the prime factors of 237354.
2, 3, 13, 17, 179
List the prime factors of 20461652.
2, 5115413
What are the prime factors of 15577676?
2, 3894419
What are the prime factors of 2015991?
3, 223999
What are the prime factors of 308211?
3, 71, 1447
What are the prime factors of 1198223?
13, 61, 1511
What are the prime factors of 367373?
37, 9929
What are the prime factors of 2365504?
2, 23, 1607
What are the prime factors of 244961?
487, 503
What are the prime factors of 271592?
2, 17, 1997
List the prime factors of 3052964.
2, 643, 1187
What are the prime factors of 1733169?
3, 127, 4549
What are the prime factors of 286204?
2, 71551
List the prime factors of 7163245.
5, 1432649
What are the prime factors of 185768?
2, 11, 2111
List the prime factors of 10353433.
71, 145823
What are the prime factors of 2227734?
2, 3, 23, 5381
List the prime factors of 93382.
2, 46691
What are the prime factors of 5760417?
3, 13, 147703
List the prime factors of 939610.
2, 5, 7, 31, 433
What are the prime factors of 973060?
2, 5, 11, 4423
List the prime factors of 1368317.
113, 12109
What are the prime factors of 3966215?
5, 11, 37, 1949
What are the prime factors of 18612751?
29, 641819
What are the prime factors of 1198203?
3, 399401
What are the prime factors of 7320033?
3, 7, 116191
List the prime factors of 1557902.
2, 778951
List the prime factors of 256455.
3, 5, 41, 139
List the prime factors of 540943.
13, 41611
List the prime factors of 2929494.
2, 3, 488249
List the prime factors of 620321.
13, 47717
What are the prime factors of 13292575?
5, 197, 2699
List the prime factors of 27672882.
2, 3, 4612147
What are the prime factors of 63187?
179, 353
List the prime factors of 1297372.
2, 17, 19079
List the prime factors of 1903752.
2, 3, 137, 193
List the prime factors of 9608310.
2, 3, 5, 106759
List the prime factors of 23232170.
2, 5, 13, 173, 1033
What are the prime factors of 4708361?
7, 37, 53
List the prime factors of 4912181.
151, 32531
List the prime factors of 307145.
5, 47, 1307
What are the prime factors of 7252325?
5, 139, 2087
What are the prime factors of 149392?
2, 9337
What are the prime factors of 129300?
2, 3, 5, 431
What are the prime factors of 592690?
2, 5, 7, 8467
List the prime factors of 297265.
5, 59453
What are the prime factors of 310908?
2, 3, 13, 1993
What are the prime factors of 5008937?
577, 8681
What are the prime factors of 5128369?
5128369
List the prime factors of 582808.
2, 263, 277
List the prime factors of 7334.
2, 19, 193
What are the prime factors of 270375?
3, 5, 7, 103
What are the prime factors of 9073539?
3, 112019
What are the prime factors of 18861033?
3, 109, 57679
List the prime factors of 955729.
955729
What are the prime factors of 1185440?
2, 5, 31, 239
What are the prime factors of 181682?
2, 90841
List the prime factors of 253383.
3, 13, 73, 89
What are the prime factors of 1978419?
3, 659473
What are the prime factors of 159662?
2, 97, 823
What are the prime factors of 177657?
3, 59219
List the prime factors of 2178916.
2, 83, 6563
List the prime factors of 168989.
347, 487
What are the prime factors of 527581?
527581
What are the prime factors of 12530806?
2, 257, 24379
What are the prime factors of 486823?
29, 16787
What are the prime factors of 15096?
2, 3, 17, 37
What are the prime factors of 177050?
2, 5, 3541
What are the prime factors of 27490835?
5, 53, 227, 457
List the prime factors of 15017085.
3, 5, 333713
List the prime factors of 1566118.
2, 41, 71, 269
What are the prime factors of 1247834?
2, 7, 17, 107
What are the prime factors of 25053159?
3, 2081, 4013
What are the prime factors of 3149173?
3149173
List the prime factors of 2337287.
41, 109, 523
What are the prime factors of 2688361?
13, 227, 911
What are the prime factors of 498605?
5, 99721
What are the prime factors of 33074?
2, 23, 719
What are the prime factors of 208005?
3, 5, 7, 283
What are the prime factors of 16429662?
2, 3, 304253
List the prime factors of 185949.
3, 71, 97
What are the prime factors of 13748039?
19, 197, 3673
List the prime factors of 434327.
47, 9241
What are the prime factors of 606679?
17, 127, 281
List the prime factors of 4817735.
5, 13, 19, 47, 83
List the prime factors of 1180475.
5, 23, 2053
List the prime factors of 316042.
2, 29, 5449
What are the prime factors of 3154609?
43, 73363
What are the prime factors of 905490?
2, 3, 5, 10061
What are the prime factors of 13707924?
2, 3, 563, 2029
List the prime factors of 2562151.
1283, 1997
What are the prime factors of 227143?
7, 37, 877
List the prime factors of 6719011.
13, 516847
What are the prime factors of 126087?
3, 13, 53, 61
List the prime factors of 2023943.
113, 17911
List the prime factors of 165556.
2, 41389
List the prime factors of 277508.
2, 7, 11, 17, 53
List the prime factors of 242068.
2, 73, 829
What are the prime factors of 388659?
3, 129553
What are the prime factors of 304473?
3, 13, 37, 211
List the prime factors of 295651.
41, 7211
What are the prime factors of 30223840?
2, 5, 23, 43, 191
List the prime